*3 + d**2 + d - 2. Let m be s(1). Let j = -312 - -462. Calculate the greatest common divisor of j and m.
30
Let b be (1 - 6/8)/(12/(-48)). Let d be b/(9/(-6)*(-3)/(-9)). Suppose -d*m - 2*m = -40. Calculate the highest common divisor of m and 10.
10
Let i = -279 - -122. Let g = 229 + i. Calculate the highest common divisor of 48 and g.
24
Suppose -64*v = -26*v - 570. Suppose 49 = 2*z - 5*w, -18*w = -z - v*w + 27. Let a = -21 - -51. Calculate the greatest common factor of z and a.
6
Let k(m) = 2*m**3 + 10*m**2 - 12*m - 11. Let b be k(-8). Let c = -297 - b. Calculate the highest common factor of c and 9.
1
Suppose 22*u + 2072 = 4*t + 18*u, -3*t - u + 1530 = 0. Calculate the greatest common divisor of 1 and t.
1
Let c(u) = 140*u - 2646. Let n be c(19). What is the greatest common factor of n and 742?
14
Let z be ((-6)/(-90)*-5)/((-4)/32544). Calculate the highest common factor of 120 and z.
24
Let j be ((1944/30)/6)/(4/(-40)). Let k = 13 - j. What is the greatest common divisor of k and 33?
11
Let u = -36036 + 37583. What is the highest common divisor of u and 2093?
91
Let s(n) = 7*n**3 + 12*n + 9*n**2 + 1 + 6*n**3 + 0 - 14*n**3. Let b be s(-6). Calculate the greatest common divisor of 67 and b.
67
Suppose 62 = 2*v - 398. Suppose 0 = -110*c + 11535 + 1179 - 2594. What is the highest common factor of v and c?
46
Let k = 2097 - 2033. What is the highest common factor of k and 2592?
32
Let t be ((-1)/3)/((-8)/4200). Let m = -50 + 120. What is the highest common factor of m and t?
35
Let b(f) = -f**3 - 3*f**2 + 9*f - 9. Let w be b(-5). Let z be (w/(-5))/(6/(-360)). Let h = -22 - z. What is the highest common factor of 26 and h?
26
Let o = -720 + 736. Calculate the greatest common factor of o and 488.
8
Let s be -5 + ((-11189)/(-11) + 3 - (-32)/(-176)). What is the greatest common divisor of s and 735?
35
Suppose -10*z = -8 - 22. Suppose 0*x = z*x + 117. Let k = 15 - x. Calculate the highest common factor of k and 6.
6
Let d be 40/(-12)*3/4*10. Let a = d - -76. Let v = 72 + -38. Calculate the highest common factor of a and v.
17
Suppose -3*m = -3*a - 2*a - 197, 5*m - 318 = -2*a. Suppose -227*o - 228 = -284*o. Calculate the highest common divisor of m and o.
4
Let s = -26925 - -26930. Let y = -25 - -17. Let x(z) = z**3 + 8*z**2 - z + 7. Let o be x(y). Calculate the greatest common divisor of s and o.
5
Suppose 19 = u - 53. Suppose -5*z = -3*k + 142, 15*z - 11*z - 70 = -k. Suppose 0 = -9*y + 108 + k. Calculate the highest common divisor of u and y.
18
Let q be (-167)/(-15) - (-16)/(-120). Let l be 0*(-4)/(q - 3). Let x be (-2 - l) + (5 - 0). What is the greatest common factor of x and 15?
3
Suppose 14*l - 12*l = 10. Let h = -17 - -18. What is the highest common factor of l and h?
1
Let w(u) = 6860*u**3 + 6*u**2 + 8*u - 7. Let n be w(1). Calculate the highest common factor of n and 63.
63
Suppose 46*y = 2*y - 18612. Let p be 188/y - (-36188)/18. Calculate the highest common factor of p and 30.
30
Let a(q) be the second derivative of -q**4/12 - 2*q**3 - 4*q**2 - q. Let h be a(-11). Suppose -h*f + 6 = -27. What is the greatest common divisor of 11 and f?
11
Let z(g) = 4*g**2 + 4*g + 2. Let h be z(-4). Let n be (-216)/(-21)*(-63)/(-6). Let j = n + -88. What is the greatest common divisor of j and h?
10
Suppose 53*c - 7281 = 14873. Calculate the greatest common factor of 323 and c.
19
Suppose -n = 4*j + j + 1, n - 3*j = 23. Suppose -89*w = -87*w + 5*y - 64, 2*w = 3*y + 96. Calculate the highest common divisor of n and w.
14
Let k(l) = -17*l - 45. Let o be k(-5). Suppose 2*s - 41 = -5*d + 6*s, 0 = 4*d + s - 16. What is the highest common divisor of o and d?
5
Let z = 127 - 77. Let p be 24 + -26 + z/1. Calculate the highest common factor of p and 18.
6
Let d be (1 - 3)*26/117*18. Let x be 1*123 + d + -6 + 10. What is the highest common factor of x and 35?
7
Let z = 37519 + -32538. Calculate the greatest common factor of z and 2637.
293
Let c be 14 - (0 + 1) - 0. Let r = -174 + 171. Let x be 40 + r/(18/6). Calculate the greatest common factor of x and c.
13
Let p(y) = -y**3 - y**2 - 17*y - 54. Let n be p(-6). Let d = -188 + n. Calculate the greatest common factor of d and 400.
40
Suppose -g + 4*v - 11 = 0, 0 + 5 = 5*g - 5*v. Suppose 2*r = g*s + 31, -r + 4*s + s = -23. Suppose o = 5*o - 4. Calculate the highest common divisor of o and r.
1
Let n = -4643 + 5027. What is the highest common divisor of 3 and n?
3
Let a be -12*(165/(-4) + 2). Suppose 2*z - a = -9. Suppose 77*x + 578 = 2195. What is the greatest common divisor of x and z?
21
Let k be (-64)/(-10)*925/10. Let h be k/20 - (-4)/10. Suppose -2*f - 3*b = -43, -f + b = -3*b - 16. What is the highest common divisor of f and h?
10
Let c be (10/(-1))/2 + 5076/423. Let j be c - 1 - (-4 + -78). Suppose 4*d = 66 + 22. What is the greatest common divisor of j and d?
22
Let n(q) = 4*q - 7. Let o be n(8). Suppose 40 = 19*y - 23*y, 2*y - 1400 = -2*h - 3*y. Calculate the highest common factor of h and o.
25
Let w = 3 + -4. Let j be 0 - (-43 + (w - -3)). Suppose -4*c - 3*m + 1643 = 0, 488 - 2132 = -4*c - 4*m. What is the highest common divisor of c and j?
41
Let k = 11364 + -10927. What is the greatest common factor of 1541 and k?
23
Let n be 914/26 + 314/(-2041). Calculate the highest common divisor of n and 1015.
35
Let s = -4678 - -4766. What is the greatest common factor of s and 1562?
22
Let a(o) = -169*o**2 - 5*o + 6. Let i be a(1). Let n = i + 226. Calculate the highest common divisor of 464 and n.
58
Let f(p) = 51*p - 27. Let t = -478 - -481. Let q be f(t). Suppose 0*i + 72 = 4*i. What is the greatest common factor of i and q?
18
Let a be ((-1)/(-5)*-2)/(4/(-920)). Suppose -a = -3*t + 55. What is the greatest common factor of t and 539?
49
Let p be ((-50)/(-42))/25 + (-15308)/(-21). Calculate the highest common factor of p and 639.
9
Suppose -1607*n + 1588*n + 1216 = 0. What is the highest common factor of n and 1264?
16
Let r(n) = -53*n - 3295. Let a be r(-63). Calculate the greatest common divisor of 12 and a.
4
Suppose 0 = 3*y - 4*x - 31, 8*y - 5 = 10*y + x. Calculate the highest common divisor of y and 43.
1
Let q = 573 - 543. Suppose 0 = q*h - 39*h + 2349. Calculate the highest common divisor of h and 29.
29
Let y(l) = 6*l**3 - l**2 - 34*l - 28. Let v be y(9). What is the greatest common divisor of v and 107?
107
Let q be 2/9 - ((-2)/(-2) - (-56980)/(-198)). What is the highest common divisor of 1 and q?
1
Let h be (-2 - -3) + (61 - 8). Suppose 8*n + 43 = 11. Let c be 91 - (21/18 - n/(-24)). Calculate the greatest common factor of c and h.
18
Let l(g) = -18*g. Suppose -d - 3*c = 5, 2*c + 5 = -d - 3*c. Let v be l(d). Let p be (4/6)/((-18)/(-486)). What is the highest common factor of p and v?
18
Let k be -23 - (-9924)/(-17 + 29). Let l(j) = -j + 18. Let o be l(6). Calculate the greatest common divisor of o and k.
12
Suppose -3*n = -2*a + 3 - 301, 3*a - 437 = -4*n. What is the highest common divisor of 19084 and n?
52
Let x = -2126 - -1158. Let r = -598 - x. Calculate the highest common factor of 10 and r.
10
Let p = -16384 + 16476. What is the greatest common divisor of 88 and p?
4
Suppose 4*x - 20699 = -4*c - 4163, 5*c - 2*x - 20691 = 0. Calculate the highest common divisor of c and 42.
21
Let j(t) = 36*t**2 - 6*t + 16. Let q be j(5). Suppose -12*m + 206 = -q. Let i = m - 81. Calculate the highest common factor of i and 5.
5
Let i = 23482 + -21114. Calculate the greatest common divisor of i and 128.
64
Let k = -13 - -15. Suppose 5*x - 2*c - 15 = 0, k*x - c - 3*c = 6. Suppose -x*u = -a - 6 - 0, 0 = 5*u - 2*a - 10. What is the highest common divisor of 6 and u?
2
Let w(i) = i**2 - 10*i - 7. Let y be w(-4). Let m = 58 - y. Let t(d) = 2*d - 17. Let n be t(m). Calculate the highest common factor of 7 and n.
1
Let u(w) = 41*w**2 - w - 2. Let x be u(2). Let r(v) = -v**2 - 5*v + 5. Let l be r(5). Let f = l + 65. Calculate the highest common divisor of f and x.
20
Let a(k) = -3794*k**3 + k**2 + 18*k + 18. Let n be a(-1). What is the greatest common divisor of n and 99?
33
Let l be 57099/(-6)*((-9)/6)/((-7)/(-16)). Calculate the highest common factor of l and 12.
12
Let q = -23 - -20. Let b be 3632/16 + q/1. What is the greatest common divisor of b and 14?
14
Let n = -5205 + 5235. What is the highest common divis